{"id":23,"date":"2020-12-04T13:35:52","date_gmt":"2020-12-04T12:35:52","guid":{"rendered":"https:\/\/kluger.prokutec.de\/?page_id=23"},"modified":"2021-08-06T15:19:06","modified_gmt":"2021-08-06T13:19:06","slug":"unternehmen","status":"publish","type":"page","link":"https:\/\/kluger.prokutec.de\/?page_id=23","title":{"rendered":"Unternehmen"},"content":{"rendered":"<div class=\"wpb-content-wrapper\"><p>[vc_row][vc_column][vc_column_text]<div style=\"width: 1200px;\" class=\"wp-video\"><!--[if lt IE 9]><script>document.createElement('video');<\/script><![endif]-->\n<video class=\"wp-video-shortcode\" id=\"video-23-1\" width=\"1200\" height=\"675\" loop autoplay preload=\"metadata\" controls=\"controls\"><source type=\"video\/mp4\" src=\"https:\/\/kluger.prokutec.de\/wp-content\/uploads\/2021\/05\/Messe-Video.mp4?_=1\" \/><a href=\"https:\/\/kluger.prokutec.de\/wp-content\/uploads\/2021\/05\/Messe-Video.mp4\">https:\/\/kluger.prokutec.de\/wp-content\/uploads\/2021\/05\/Messe-Video.mp4<\/a><\/video><\/div>[\/vc_column_text][\/vc_column][\/vc_row][vc_row][vc_column]<div id=\"ultib3-265265974069eb75c9317f5\" class=\" vc_custom_1628233855837 ultb3-box ult-adjust-bottom-margin  ultb3-hover-5\" style=\"\"><img decoding=\"async\" src=\"https:\/\/kluger.prokutec.de\/wp-content\/uploads\/2021\/04\/IMG_8428m-scaled.jpg\" style=\"\" class=\"ultb3-img ultb3-img-top-right\" alt=\"null\"\/><div id=\"Info-banner-wrap5795\" class=\"ultb3-info ib3-info-left\" data-animation=\"fadeInRight\" data-animation-delay=\"03\"><p class=\"ultb3-title ult-responsive\"  data-ultimate-target='#Info-banner-wrap5795 .ultb3-title'  data-responsive-json-new='{\"font-size\":\"desktop:24px;\",\"line-height\":\"\"}'  style=\"font-weight:normal;\">Kluger-Prokutec Sondermaschinenbau GmbH<\/p><\/div><\/div><style>\n\t\t\t\t\t#ultib3-265265974069eb75c9317f5 {\n\t\t\t\t\t\tmin-height:50px;\n\t\t\t\t\t}\n\t\t\t\t\t#ultib3-265265974069eb75c9317f5 img.ultb3-img {\n\t\t\t\t\t\theight: px;\n\t\t\t\t\t}\n\t\t\t\t\t#ultib3-265265974069eb75c9317f5 .ultb3-btn {\n\t\t\t\t\t\tborder:2px solid #1e73be;border-radius:50px;color:#898989;\n\t\t\t\t\t}\n\t\t\t\t\t#ultib3-265265974069eb75c9317f5 .ultb3-btn:hover {\n\t\t\t\t\t\tbackground:#1e73be;color:#ffffff;\n\t\t\t\t\t}\n\t\t\t\t\t#ultib3-265265974069eb75c9317f5 .ultb3-btn:focus {\n\t\t\t\t\t\toutline: 2px solid #005fcc;\n\t\t\t\t\t\toutline-offset: 2px;\n\t\t\t\t\t}\n\t\t\t\t<\/style><style>\n\t\t\t\t\t\t@media (min-width: 1824px) {\n\t\t\t\t\t\t\t #ultib3-265265974069eb75c9317f5 img.ultb3-img {\n\t\t\t\t\t\t\t\theight:1200px;\n\t\t\t\t\t\t\t}\n\t\t\t\t\t\t}\n\t\t\t\t\t<\/style>[\/vc_column][\/vc_row][vc_row][vc_column][vc_column_text css=&#8220;.vc_custom_1628254152120{margin-bottom: 0px !important;}&#8220;]<span style=\"color: black;\"> Bei der Kluger-Prokutec ist die \u201ekomplette Anlage\u201c der Kern des Unternehmens. Vom ersten Konzept bis zur Inbetriebnahme f\u00fchlen wir uns f\u00fcr unsere Kunden verantwortlich. Unsere sehr gut ausgebildeten Mitarbeiter sind der Garant daf\u00fcr. Alle notwendigen Prozesse stehen daf\u00fcr zur Verf\u00fcgung. Von der eigenen Konstruktion, Elektronik, Steuerungstechnik und Fertigung bis zur fachgerechten Montage mit Inbetriebnahme leisten wir alles im Haus.<\/span><\/p>\n<p><span style=\"color: black;\"> Aus 29 Jahren stetiger Entwicklung der Fa. Kluger ist ein leistungsf\u00e4higer moderner Betrieb entstanden der in seiner Entwicklung auch weiterhin auf neuestem technischen Stand Maschinen baut. Die Treue langj\u00e4hriger Kunden motiviert uns dazu.<\/span><\/p>\n<p><span style=\"color: black;\">Im Januar 2020 \u00fcbernahm im Zuge der Nachfolgregelung die Prokutec GmbH die Firma Kluger Sondermaschinenbau.\u00a0<\/span>[\/vc_column_text][\/vc_column][\/vc_row][vc_row margin_top=&#8220;-60&#8243;][vc_column][vc_single_image image=&#8220;1353&#8243; img_size=&#8220;full&#8220; css=&#8220;.vc_custom_1623846108320{margin-top: 2px !important;margin-right: 0px !important;margin-bottom: 14px !important;}&#8220;][vc_separator css=&#8220;.vc_custom_1623845551325{margin-top: -5px !important;margin-bottom: 10px !important;}&#8220;][\/vc_column][\/vc_row][vc_row margin_top=&#8220;-10&#8243;][vc_column]<div id=\"ultib3-159314413969eb75c931b20\" class=\" vc_custom_1628233977573 ultb3-box ult-adjust-bottom-margin  ultb3-hover-6\" style=\"\"><img decoding=\"async\" src=\"https:\/\/kluger.prokutec.de\/wp-content\/uploads\/2021\/04\/iStock-154368811-scaled.jpg\" style=\"\" class=\"ultb3-img ultb3-img-center-right\" alt=\"null\"\/><div id=\"Info-banner-wrap6385\" class=\"ultb3-info ib3-info-left\" data-animation=\"fadeIn\" data-animation-delay=\"03\"><p class=\"ultb3-title ult-responsive\"  data-ultimate-target='#Info-banner-wrap6385 .ultb3-title'  data-responsive-json-new='{\"font-size\":\"desktop:24px;\",\"line-height\":\"\"}'  style=\"font-weight:normal;\">Prokutec GmbH<\/p><\/div><\/div><style>\n\t\t\t\t\t#ultib3-159314413969eb75c931b20 {\n\t\t\t\t\t\tmin-height:50px;\n\t\t\t\t\t}\n\t\t\t\t\t#ultib3-159314413969eb75c931b20 img.ultb3-img {\n\t\t\t\t\t\theight: px;\n\t\t\t\t\t}\n\t\t\t\t\t#ultib3-159314413969eb75c931b20 .ultb3-btn {\n\t\t\t\t\t\tborder:2px solid #1e73be;border-radius:50px;color:#898989;\n\t\t\t\t\t}\n\t\t\t\t\t#ultib3-159314413969eb75c931b20 .ultb3-btn:hover {\n\t\t\t\t\t\tbackground:#1e73be;color:#ffffff;\n\t\t\t\t\t}\n\t\t\t\t\t#ultib3-159314413969eb75c931b20 .ultb3-btn:focus {\n\t\t\t\t\t\toutline: 2px solid #005fcc;\n\t\t\t\t\t\toutline-offset: 2px;\n\t\t\t\t\t}\n\t\t\t\t<\/style><style>\n\t\t\t\t\t\t@media (min-width: 1824px) {\n\t\t\t\t\t\t\t #ultib3-159314413969eb75c931b20 img.ultb3-img {\n\t\t\t\t\t\t\t\theight:1200px;\n\t\t\t\t\t\t\t}\n\t\t\t\t\t\t}\n\t\t\t\t\t<\/style>[\/vc_column][\/vc_row][vc_row][vc_column][vc_column_text]<span style=\"color: black;\">F\u00fcr uns bei Prokutec ist der \u201eDienst am Kunden\u201c oberstes Gebot. Unsere Gesch\u00e4ftsprozesse haben wir deshalb ganz gezielt auf die Anforderungen als Lohnfertiger ausgerichtet. Rasche Materialbeschaffung, Lagerhaltung g\u00e4ngiger Luftfahrtwerkstoffe, eine flexible Fertigung, flache Organisationsstrukturen, variable Arbeitszeiten sowie modernste Maschinen bilden die zentralen Bausteine f\u00fcr unseren Erfolg.<br \/>\nErg\u00e4nzend dazu gew\u00e4hrleisten Betriebsdatenerfassung, professionelle Planungstools und nicht zuletzt die entsprechende Messtechnik ein H\u00f6chstma\u00df an Qualit\u00e4t.<br \/>\nMit unserer Erfahrung aus fast 29 Jahren im Bereich der Metallverarbeitung und -bearbeitung finden wir f\u00fcr Ihr Anliegen mit Sicherheit die passende L\u00f6sung.<\/span><\/p>\n<p><span style=\"color: #000000;\">Besuchen Sie uns einfach auf nachfolgender Website<a style=\"color: #000000;\" href=\"https:\/\/www.prokutec.de\/\"> www.prokutec.de<\/a> und \u00fcberzeugen Sie sich einfach selbst.<\/span>[\/vc_column_text][\/vc_column][\/vc_row][vc_row margin_top=&#8220;-30&#8243;][vc_column][vc_single_image image=&#8220;3156&#8243; img_size=&#8220;full&#8220;][\/vc_column][\/vc_row][vc_row][vc_column][\/vc_column][\/vc_row]<\/p>\n<\/div>","protected":false},"excerpt":{"rendered":"<p>[vc_row][vc_column][vc_column_text][\/vc_column_text][\/vc_column][\/vc_row][vc_row][vc_column][\/vc_column][\/vc_row][vc_row][vc_column][vc_column_text css=&#8220;.vc_custom_1628254152120{margin-bottom: 0px !important;}&#8220;] Bei der Kluger-Prokutec ist die \u201ekomplette Anlage\u201c der Kern des Unternehmens. Vom ersten Konzept bis zur Inbetriebnahme f\u00fchlen wir uns f\u00fcr unsere Kunden verantwortlich. Unsere sehr gut ausgebildeten Mitarbeiter sind der Garant daf\u00fcr. Alle notwendigen Prozesse stehen daf\u00fcr zur Verf\u00fcgung. Von der eigenen Konstruktion, Elektronik, Steuerungstechnik und Fertigung bis zur fachgerechten&hellip;<\/p>\n","protected":false},"author":1,"featured_media":0,"parent":0,"menu_order":10,"comment_status":"closed","ping_status":"closed","template":"","meta":{"footnotes":""},"class_list":["post-23","page","type-page","status-publish","hentry","description-off"],"_links":{"self":[{"href":"https:\/\/kluger.prokutec.de\/index.php?rest_route=\/wp\/v2\/pages\/23","targetHints":{"allow":["GET"]}}],"collection":[{"href":"https:\/\/kluger.prokutec.de\/index.php?rest_route=\/wp\/v2\/pages"}],"about":[{"href":"https:\/\/kluger.prokutec.de\/index.php?rest_route=\/wp\/v2\/types\/page"}],"author":[{"embeddable":true,"href":"https:\/\/kluger.prokutec.de\/index.php?rest_route=\/wp\/v2\/users\/1"}],"replies":[{"embeddable":true,"href":"https:\/\/kluger.prokutec.de\/index.php?rest_route=%2Fwp%2Fv2%2Fcomments&post=23"}],"version-history":[{"count":93,"href":"https:\/\/kluger.prokutec.de\/index.php?rest_route=\/wp\/v2\/pages\/23\/revisions"}],"predecessor-version":[{"id":3280,"href":"https:\/\/kluger.prokutec.de\/index.php?rest_route=\/wp\/v2\/pages\/23\/revisions\/3280"}],"wp:attachment":[{"href":"https:\/\/kluger.prokutec.de\/index.php?rest_route=%2Fwp%2Fv2%2Fmedia&parent=23"}],"curies":[{"name":"wp","href":"https:\/\/api.w.org\/{rel}","templated":true}]}}