{"id":294,"date":"2021-01-05T17:56:20","date_gmt":"2021-01-05T16:56:20","guid":{"rendered":"https:\/\/kluger.prokutec.de\/?page_id=294"},"modified":"2021-06-17T15:18:38","modified_gmt":"2021-06-17T13:18:38","slug":"ueber-uns","status":"publish","type":"page","link":"https:\/\/kluger.prokutec.de\/?page_id=294","title":{"rendered":"\u00dcber uns"},"content":{"rendered":"<div class=\"wpb-content-wrapper\"><p>[vc_row animation=&#8220;fadeIn&#8220;][vc_column css=&#8220;.vc_custom_1615472802811{margin-top: -120px !important;}&#8220;][vc_single_image image=&#8220;3050&#8243; img_size=&#8220;1200&#215;350&#8243; alignment=&#8220;center&#8220; style=&#8220;vc_box_outline&#8220; border_color=&#8220;white&#8220; image_hovers=&#8220;false&#8220; css=&#8220;.vc_custom_1623918175125{margin-top: 70px !important;margin-right: 0px !important;margin-bottom: -10px !important;margin-left: -10px !important;border-top-width: 0px !important;border-right-width: 0px !important;padding-top: 0px !important;padding-bottom: 0px !important;padding-left: 0px !important;}&#8220;][vc_column_text css=&#8220;.vc_custom_1623918154241{margin-top: -20px !important;margin-right: 20px !important;margin-left: 0px !important;padding-top: 20px !important;padding-left: 0px !important;}&#8220;]<span style=\"color: #000000;\">Mit \u00fcber 29 Jahren Erfahrung im Bereich Pr\u00fcfst\u00e4nde, Sondermaschinen und Lohnfertigung stehen wir ihnen von der ersten Idee bis zur Inbetriebnahme als kompetenter, \u201eAlles-aus-einer-Hand\u201c Partner zur Seite. Alle Entwicklungs-, Fertigungs- und Automatisierungsprozesse k\u00f6nnen wir komplett aus unserem Hause abdecken.<\/span><\/p>\n<p><span style=\"color: #000000;\">Wir machen aus Ideen L\u00f6sungen!<\/span>[\/vc_column_text][\/vc_column][\/vc_row][vc_row][vc_column][vc_accordion active_tab=&#8220;1&#8243; collapsible=&#8220;yes&#8220; style=&#8220;3&#8243; title=&#8220;Unsere Abteilungen&#8220;][vc_accordion_tab title=&#8220;Konstruktion&#8220;][vc_column_text]<span style=\"color: #000000;\">Die Entwicklung und Konstruktion erbringen im Ergebnis das optimale Zusammenspiel der einzelnen Bauteile und Komponenten und sind zugleich die Grundlage f\u00fcr alle weiterf\u00fchrenden Produktionsphasen, wie Berechnungen, Visualisierungen und Fertigungsinformationen. Eingesetzt werden hierbei die 3D-CAD Software SolidWorks\u00ae die Planungssoftware WSCAD professional. Individuelle L\u00f6sungen, innovatives Design, hohe Funktionalit\u00e4t, und Benutzerfreundlichkeit sowie der Fokus auf die wirtschaftliche Herstellung bei niedrigem Risiko werden dem Anspruch an moderne professionelle Abl\u00e4ufe und Produktentwicklung gerecht.<\/span>[\/vc_column_text][vc_media_grid grid_id=&#8220;vc_gid:1623934840237-d381a24e78cc221023bc879bd6c10293-7&#8243; include=&#8220;1090,368,430&#8243;][\/vc_accordion_tab][vc_accordion_tab title=&#8220;Fertigung &amp; Montage&#8220;][vc_column_text]<span style=\"color: #000000;\">Komplexe Fr\u00e4s- und Drehteile sowie Schwei\u00dfbau-gruppen (Zulassung nach DIN EN ISO 9606-4 ) mit nachfolgender Bearbeitung im Rahmen eines Projektes oder auch als reine Lohnfertigung mit einem hohem Anspruch an Genauigkeit, Optik sowie kurzen Durchlaufzeiten zeichnen uns in diesem Segment aus.<\/span><\/p>\n<p><span style=\"color: #000000;\">Gew\u00e4hrleistet wird dies durch den Einsatz von modernen Bearbeitungsmaschinen und Fertigungsstrategien wie beispielsweise angetriebene Werkzeuge und das 5-Achs-simultan fr\u00e4sen. Dies bringt auch bei Werkstoffen wie 1.4571 oder 1.4821 beste Ergebnisse.<\/span><\/p>\n<p><span style=\"color: #000000;\">Gest\u00fctzt werden diese Prozesse durch den Einsatz von SolidCam\u00ae und iMaschining \u00ae<\/span>[\/vc_column_text][vc_media_grid gap=&#8220;20&#8243; grid_id=&#8220;vc_gid:1623934840272-79057516f6ea05270545b14707c05551-7&#8243; include=&#8220;1098,3140,484&#8243;][\/vc_accordion_tab][vc_accordion_tab title=&#8220;Automatisierung &amp; Inbetriebnahme&#8220;][vc_column_text]<span style=\"color: #000000;\">Damit Ihre Anlage optimal l\u00e4uft ist viel Wissen und Erfahrung notwendig. St\u00e4ndige Schulungen und deren praktische Umsetzung bringt uns st\u00e4ndig auf den neuesten Stand. Aber auch die Auswahl der richtigen Software ist wichtig. Mit Beckhoff TwinCAT 3 und Siemens S7\/ TIA Portal sind wir daf\u00fcr bestens aufgestellt.<\/span>[\/vc_column_text][vc_media_grid grid_id=&#8220;vc_gid:1623934840301-fc14fc6df25b49e74b703659da78058b-2&#8243; include=&#8220;1375,91,3148&#8243;][\/vc_accordion_tab][vc_accordion_tab title=&#8220;Maschinen-Sicherheit &amp; Dokumentation (CE)&#8220;][vc_column_text]<span style=\"color: #000000;\">Die Umsetzung des CE-Konformit\u00e4ts-Prozesses gem\u00e4\u00df Maschinenrichtlinie durch Erstellung der technischen Dokumentation mit u.a. der Risikobeurteilung, Bedienungsanleitung usw., auch im Rahmen eines Umbaus einer Altmaschine sowie bei Modifizierung einer bereits CE-konformen Maschine (Stichwort \u201ewesentliche Ver\u00e4nderung\u201c) sind sowohl bei komplett gefertigten Anlagen als auch als einzelne Dienstleistung ohne weiteres hausintern umsetzbar.<\/span>[\/vc_column_text][vc_media_grid grid_id=&#8220;vc_gid:1623934840334-29d0c0d9b7c929a5ed31c036564e6cf6-10&#8243; include=&#8220;1377,3056,3134&#8243;][\/vc_accordion_tab][\/vc_accordion][\/vc_column][\/vc_row]<\/p>\n<\/div>","protected":false},"excerpt":{"rendered":"<p>[vc_row animation=&#8220;fadeIn&#8220;][vc_column css=&#8220;.vc_custom_1615472802811{margin-top: -120px !important;}&#8220;][vc_single_image image=&#8220;3050&#8243; img_size=&#8220;1200&#215;350&#8243; alignment=&#8220;center&#8220; style=&#8220;vc_box_outline&#8220; border_color=&#8220;white&#8220; image_hovers=&#8220;false&#8220; css=&#8220;.vc_custom_1623918175125{margin-top: 70px !important;margin-right: 0px !important;margin-bottom: -10px !important;margin-left: -10px !important;border-top-width: 0px !important;border-right-width: 0px !important;padding-top: 0px !important;padding-bottom: 0px !important;padding-left: 0px !important;}&#8220;][vc_column_text css=&#8220;.vc_custom_1623918154241{margin-top: -20px !important;margin-right: 20px !important;margin-left: 0px !important;padding-top: 20px !important;padding-left: 0px !important;}&#8220;]Mit \u00fcber 29 Jahren Erfahrung im Bereich Pr\u00fcfst\u00e4nde, Sondermaschinen und Lohnfertigung stehen wir ihnen von&hellip;<\/p>\n","protected":false},"author":1,"featured_media":0,"parent":0,"menu_order":0,"comment_status":"closed","ping_status":"closed","template":"","meta":{"footnotes":""},"class_list":["post-294","page","type-page","status-publish","hentry","description-off"],"_links":{"self":[{"href":"https:\/\/kluger.prokutec.de\/index.php?rest_route=\/wp\/v2\/pages\/294","targetHints":{"allow":["GET"]}}],"collection":[{"href":"https:\/\/kluger.prokutec.de\/index.php?rest_route=\/wp\/v2\/pages"}],"about":[{"href":"https:\/\/kluger.prokutec.de\/index.php?rest_route=\/wp\/v2\/types\/page"}],"author":[{"embeddable":true,"href":"https:\/\/kluger.prokutec.de\/index.php?rest_route=\/wp\/v2\/users\/1"}],"replies":[{"embeddable":true,"href":"https:\/\/kluger.prokutec.de\/index.php?rest_route=%2Fwp%2Fv2%2Fcomments&post=294"}],"version-history":[{"count":107,"href":"https:\/\/kluger.prokutec.de\/index.php?rest_route=\/wp\/v2\/pages\/294\/revisions"}],"predecessor-version":[{"id":3149,"href":"https:\/\/kluger.prokutec.de\/index.php?rest_route=\/wp\/v2\/pages\/294\/revisions\/3149"}],"wp:attachment":[{"href":"https:\/\/kluger.prokutec.de\/index.php?rest_route=%2Fwp%2Fv2%2Fmedia&parent=294"}],"curies":[{"name":"wp","href":"https:\/\/api.w.org\/{rel}","templated":true}]}}