{"id":298,"date":"2021-01-05T17:56:37","date_gmt":"2021-01-05T16:56:37","guid":{"rendered":"https:\/\/kluger.prokutec.de\/?page_id=298"},"modified":"2022-11-03T10:35:39","modified_gmt":"2022-11-03T09:35:39","slug":"qualitaet","status":"publish","type":"page","link":"https:\/\/kluger.prokutec.de\/?page_id=298","title":{"rendered":"Qualit\u00e4t"},"content":{"rendered":"<div class=\"wpb-content-wrapper\"><p>[vc_row margin_top=&#8220;50&#8243;][vc_column css=&#8220;.vc_custom_1615535513249{margin-top: -100px !important;}&#8220;][vc_column_text css=&#8220;.vc_custom_1667468129320{margin-top: 40px !important;}&#8220;]<img loading=\"lazy\" decoding=\"async\" class=\"wp-image-3498 alignleft\" src=\"https:\/\/kluger.prokutec.de\/wp-content\/uploads\/2022\/11\/Dekra-300x128.jpg\" alt=\"\" width=\"441\" height=\"188\" srcset=\"https:\/\/kluger.prokutec.de\/wp-content\/uploads\/2022\/11\/Dekra-300x128.jpg 300w, https:\/\/kluger.prokutec.de\/wp-content\/uploads\/2022\/11\/Dekra.jpg 400w\" sizes=\"auto, (max-width: 441px) 100vw, 441px\" \/><\/p>\n<p>&nbsp;<\/p>\n<p><span style=\"color: black;\">Mit der Zertifizierung nach ISO 9001:2015 erf\u00fcllen wir die weltweit anerkannte Norm f\u00fcr ein l\u00fcckenloses Qualit\u00e4tsmanagement. Durch die Anwendung dieses Standards haben wir uns Kundenorientierung und Kundenzufriedenheit als oberstes Ziel gesetzt. \u00dcberwachte Prozessabl\u00e4ufe sorgen f\u00fcr einen reibungslosen Ablauf unserer Projekte.<\/span>[\/vc_column_text][\/vc_column][\/vc_row][vc_row margin_top=&#8220;-30&#8243;][vc_column css=&#8220;.vc_custom_1619678423505{margin-top: -15px !important;}&#8220;][vc_column_text css_animation=&#8220;fadeInDown&#8220; css=&#8220;.vc_custom_1623330102907{margin-top: 60px !important;}&#8220;]<\/p>\n<h2><\/h2>\n<h2><strong>Zertifizierungen:<\/strong><\/h2>\n<p>[\/vc_column_text][vc_column_text]<\/p>\n<table border=\"0\" width=\"960\">\n<tbody>\n<tr>\n<td>\n<p><strong><span style=\"color: #000000;\">Schwei\u00dfer-Pr\u00fcfungsbescheinigung T\u00dcV \u2013 Werkstoffgruppe W1<\/span><\/strong><\/p>\n<p><strong><span style=\"color: #000000;\">Schwei\u00dfer-Pr\u00fcfungsbescheinigung T\u00dcV \u2013 Werkstoffgruppe W8<\/span><\/strong><\/p>\n<p><strong><span style=\"color: #000000;\">Schwei\u00dfer-Pr\u00fcfungsbescheinigung T\u00dcV &#8211; Werkstoffgruppe W45<\/span><\/strong><\/td>\n<\/tr>\n<\/tbody>\n<\/table>\n<p>[\/vc_column_text][\/vc_column][vc_column][vc_masonry_media_grid style=&#8220;load-more&#8220; gap=&#8220;25&#8243; initial_loading_animation=&#8220;fadeIn&#8220; grid_id=&#8220;vc_gid:1667468098229-d7ed45d095ccf3646e9a58183d9287fd-8&#8243; include=&#8220;388,389,387&#8243;][\/vc_column][\/vc_row]<\/p>\n<\/div>","protected":false},"excerpt":{"rendered":"<p>[vc_row margin_top=&#8220;50&#8243;][vc_column css=&#8220;.vc_custom_1615535513249{margin-top: -100px !important;}&#8220;][vc_column_text css=&#8220;.vc_custom_1667468129320{margin-top: 40px !important;}&#8220;] &nbsp; Mit der Zertifizierung nach ISO 9001:2015 erf\u00fcllen wir die weltweit anerkannte Norm f\u00fcr ein l\u00fcckenloses Qualit\u00e4tsmanagement. Durch die Anwendung dieses Standards haben wir uns Kundenorientierung und Kundenzufriedenheit als oberstes Ziel gesetzt. \u00dcberwachte Prozessabl\u00e4ufe sorgen f\u00fcr einen reibungslosen Ablauf unserer Projekte.[\/vc_column_text][\/vc_column][\/vc_row][vc_row margin_top=&#8220;-30&#8243;][vc_column css=&#8220;.vc_custom_1619678423505{margin-top: -15px !important;}&#8220;][vc_column_text css_animation=&#8220;fadeInDown&#8220; css=&#8220;.vc_custom_1623330102907{margin-top:&hellip;<\/p>\n","protected":false},"author":1,"featured_media":0,"parent":0,"menu_order":0,"comment_status":"closed","ping_status":"closed","template":"","meta":{"footnotes":""},"class_list":["post-298","page","type-page","status-publish","hentry","description-off"],"_links":{"self":[{"href":"https:\/\/kluger.prokutec.de\/index.php?rest_route=\/wp\/v2\/pages\/298","targetHints":{"allow":["GET"]}}],"collection":[{"href":"https:\/\/kluger.prokutec.de\/index.php?rest_route=\/wp\/v2\/pages"}],"about":[{"href":"https:\/\/kluger.prokutec.de\/index.php?rest_route=\/wp\/v2\/types\/page"}],"author":[{"embeddable":true,"href":"https:\/\/kluger.prokutec.de\/index.php?rest_route=\/wp\/v2\/users\/1"}],"replies":[{"embeddable":true,"href":"https:\/\/kluger.prokutec.de\/index.php?rest_route=%2Fwp%2Fv2%2Fcomments&post=298"}],"version-history":[{"count":57,"href":"https:\/\/kluger.prokutec.de\/index.php?rest_route=\/wp\/v2\/pages\/298\/revisions"}],"predecessor-version":[{"id":3501,"href":"https:\/\/kluger.prokutec.de\/index.php?rest_route=\/wp\/v2\/pages\/298\/revisions\/3501"}],"wp:attachment":[{"href":"https:\/\/kluger.prokutec.de\/index.php?rest_route=%2Fwp%2Fv2%2Fmedia&parent=298"}],"curies":[{"name":"wp","href":"https:\/\/api.w.org\/{rel}","templated":true}]}}