{"id":304,"date":"2021-01-05T17:57:09","date_gmt":"2021-01-05T16:57:09","guid":{"rendered":"https:\/\/kluger.prokutec.de\/?page_id=304"},"modified":"2021-08-06T15:06:29","modified_gmt":"2021-08-06T13:06:29","slug":"presse","status":"publish","type":"page","link":"https:\/\/kluger.prokutec.de\/?page_id=304","title":{"rendered":"Presse"},"content":{"rendered":"<div class=\"wpb-content-wrapper\"><p>[vc_row][vc_column][vc_column_text css=&#8220;.vc_custom_1620126359542{margin-bottom: 20px !important;}&#8220;]<img loading=\"lazy\" decoding=\"async\" class=\"alignnone size-medium wp-image-990\" src=\"https:\/\/kluger.prokutec.de\/wp-content\/uploads\/2021\/04\/Kluger-Prokutec_Schriftarten_TEST_05-300x17.png\" alt=\"\" width=\"300\" height=\"17\" srcset=\"https:\/\/kluger.prokutec.de\/wp-content\/uploads\/2021\/04\/Kluger-Prokutec_Schriftarten_TEST_05-300x17.png 300w, https:\/\/kluger.prokutec.de\/wp-content\/uploads\/2021\/04\/Kluger-Prokutec_Schriftarten_TEST_05-1024x58.png 1024w, https:\/\/kluger.prokutec.de\/wp-content\/uploads\/2021\/04\/Kluger-Prokutec_Schriftarten_TEST_05-768x44.png 768w, https:\/\/kluger.prokutec.de\/wp-content\/uploads\/2021\/04\/Kluger-Prokutec_Schriftarten_TEST_05-1536x87.png 1536w, https:\/\/kluger.prokutec.de\/wp-content\/uploads\/2021\/04\/Kluger-Prokutec_Schriftarten_TEST_05-2048x116.png 2048w\" sizes=\"auto, (max-width: 300px) 100vw, 300px\" \/><\/p>\n<h4><strong>Medien \u00fcber uns<\/strong><\/h4>\n<p>[\/vc_column_text]<div class=\"shortcode-banner zoomIn animate-element\" style=\"min-height: 250px;background-image: url(https:\/\/kluger.prokutec.de\/wp-content\/uploads\/2021\/05\/Presse-02.jpg)\"><div class=\"shortcode-banner-bg wf-table\" style=\"padding: 10px;min-height: 250px\"><div class=\"shortcode-banner-inside wf-table text-big\" style=\"background-color: rgb(255,255,255);background-color: rgba(255,255,255,0.4);border: solid 5px transparent;outline: solid 0px;outline-color: #f4f4f4;height: 245px\"><div><\/div><\/div><\/div><\/div>[vc_separator css=&#8220;.vc_custom_1623760368425{margin-top: 5px !important;margin-bottom: -10px !important;}&#8220;][\/vc_column][\/vc_row][vc_row margin_top=&#8220;-20&#8243;][vc_column][vc_row_inner equal_height=&#8220;yes&#8220; content_placement=&#8220;top&#8220; css=&#8220;.vc_custom_1623754767936{margin-bottom: 0px !important;margin-left: 0px !important;padding-bottom: 0px !important;}&#8220;][vc_column_inner width=&#8220;1\/3&#8243; css=&#8220;.vc_custom_1623754872631{margin-top: 0px !important;margin-right: -550px !important;margin-bottom: 0px !important;margin-left: 0px !important;padding-top: 0px !important;padding-right: 0px !important;padding-bottom: 0px !important;padding-left: 0px !important;}&#8220;][vc_column_text css=&#8220;.vc_custom_1623917612955{margin-top: 30px !important;margin-right: 20px !important;margin-left: 0px !important;padding-top: 20px !important;padding-left: 0px !important;}&#8220;]<\/p>\n<h3>29 September 2020,\u00a0 \u00a0Kluger-Prokutec steigt in die Labortechnik ein<\/h3>\n<p><span style=\"color: #000000;\">M\u00fchldorf \u2013 Mit einem selbst entwickelten Produkt will sich der M\u00fchldorfer Sondermaschinenbauer Kluger-Prokutec ein neues Gesch\u00e4ftsfeld erschlie\u00dfen.<\/span><\/p>\n<p>&nbsp;<\/p>\n<p>&nbsp;[\/vc_column_text]<style type=\"text\/css\" data-type=\"the7_shortcodes-inline-css\">#default-btn-76401369073f87bbf23fa12de2eb08db.ico-right-side > i {\n  margin-right: 0px;\n  margin-left: 8px;\n}\n#default-btn-76401369073f87bbf23fa12de2eb08db > i {\n  margin-right: 8px;\n}<\/style><a href=\"https:\/\/kluger.prokutec.de\/wp-content\/uploads\/2021\/05\/Presse-29-09-2020.pdf\" class=\"default-btn-shortcode dt-btn dt-btn-m link-hover-off https:\/\/kluger.prokutec.de\/wp-content\/uploads\/2021\/03\/Kluger-geht-zu-Prokutec.pdf btn-inline-left  vc_custom_1623910156698\" id=\"default-btn-76401369073f87bbf23fa12de2eb08db\" title=\"Unternehmen\"><i class=\"icomoon-the7-font-the7-link-02\"><\/i><span>ARTIKEL LESEN<\/span><\/a>[vc_separator border_width=&#8220;2&#8243; css=&#8220;.vc_custom_1623758365161{margin-top: 15px !important;margin-right: 60px !important;}&#8220;][\/vc_column_inner][vc_column_inner width=&#8220;2\/3&#8243; css=&#8220;.vc_custom_1623754807936{margin-top: 0px !important;margin-right: 0px !important;margin-bottom: 0px !important;margin-left: 400px !important;border-right-width: 0px !important;padding-right: 0px !important;padding-bottom: 0px !important;padding-left: 0px !important;}&#8220;][vc_single_image image=&#8220;2086&#8243; img_size=&#8220;180&#215;240&#8243; alignment=&#8220;center&#8220; image_hovers=&#8220;false&#8220; css=&#8220;.vc_custom_1623758980573{margin-top: 20px !important;margin-right: -150px !important;margin-bottom: 0px !important;margin-left: 0px !important;border-right-width: 0px !important;padding-top: 0px !important;padding-bottom: 0px !important;padding-left: 0px !important;}&#8220;][\/vc_column_inner][\/vc_row_inner][\/vc_column][\/vc_row][vc_row][vc_column][vc_row_inner equal_height=&#8220;yes&#8220; content_placement=&#8220;top&#8220; css=&#8220;.vc_custom_1623754767936{margin-bottom: 0px !important;margin-left: 0px !important;padding-bottom: 0px !important;}&#8220;][vc_column_inner width=&#8220;1\/3&#8243; css=&#8220;.vc_custom_1623754872631{margin-top: 0px !important;margin-right: -550px !important;margin-bottom: 0px !important;margin-left: 0px !important;padding-top: 0px !important;padding-right: 0px !important;padding-bottom: 0px !important;padding-left: 0px !important;}&#8220;][vc_column_text css=&#8220;.vc_custom_1623917623274{margin-top: 30px !important;margin-right: 20px !important;margin-left: 0px !important;padding-top: 20px !important;padding-left: 0px !important;}&#8220;]<\/p>\n<h3>03 M\u00e4rz 2020,\u00a0 \u00a0H\u00fcbsch machen und Vertrauen bilden.<\/h3>\n<p><span style=\"color: #000000;\">M\u00fchldorf\/Raubling \u2013 Einer der kritischsten Momente f\u00fcr Familienunternehmen ist die Betriebs\u00fcbergabe. Deshalb leben Bayerns Unternehmen derzeit in einer besonders schwierigen Phase.<\/span><\/p>\n<p>&nbsp;<\/p>\n<p>&nbsp;[\/vc_column_text]<style type=\"text\/css\" data-type=\"the7_shortcodes-inline-css\">#default-btn-dc265e4c56a7805d04f07fbd617554a7.ico-right-side > i {\n  margin-right: 0px;\n  margin-left: 8px;\n}\n#default-btn-dc265e4c56a7805d04f07fbd617554a7 > i {\n  margin-right: 8px;\n}<\/style><a href=\"https:\/\/kluger.prokutec.de\/wp-content\/uploads\/2021\/03\/Artikel-OVB-Huebsch-machen-und-Vertrauen-Bilden-Kluger-Prokutec-Wanner-03.03.2020.pdf\" class=\"default-btn-shortcode dt-btn dt-btn-m link-hover-off https:\/\/kluger.prokutec.de\/wp-content\/uploads\/2021\/03\/Kluger-geht-zu-Prokutec.pdf btn-inline-left  vc_custom_1623910165121\" id=\"default-btn-dc265e4c56a7805d04f07fbd617554a7\" title=\"Unternehmen\"><i class=\"icomoon-the7-font-the7-link-02\"><\/i><span>ARTIKEL LESEN<\/span><\/a>[vc_separator border_width=&#8220;2&#8243; css=&#8220;.vc_custom_1623758365161{margin-top: 15px !important;margin-right: 60px !important;}&#8220;][\/vc_column_inner][vc_column_inner width=&#8220;2\/3&#8243; css=&#8220;.vc_custom_1623754807936{margin-top: 0px !important;margin-right: 0px !important;margin-bottom: 0px !important;margin-left: 400px !important;border-right-width: 0px !important;padding-right: 0px !important;padding-bottom: 0px !important;padding-left: 0px !important;}&#8220;][vc_single_image image=&#8220;1186&#8243; img_size=&#8220;180&#215;240&#8243; alignment=&#8220;center&#8220; image_hovers=&#8220;false&#8220; css=&#8220;.vc_custom_1623758693677{margin-top: 20px !important;margin-right: -150px !important;margin-bottom: 0px !important;margin-left: 0px !important;border-right-width: 0px !important;padding-top: 0px !important;padding-bottom: 0px !important;padding-left: 0px !important;}&#8220;][\/vc_column_inner][\/vc_row_inner][\/vc_column][\/vc_row][vc_row][vc_column][vc_row_inner equal_height=&#8220;yes&#8220; content_placement=&#8220;top&#8220; css=&#8220;.vc_custom_1623754767936{margin-bottom: 0px !important;margin-left: 0px !important;padding-bottom: 0px !important;}&#8220;][vc_column_inner width=&#8220;1\/3&#8243; css=&#8220;.vc_custom_1623754872631{margin-top: 0px !important;margin-right: -550px !important;margin-bottom: 0px !important;margin-left: 0px !important;padding-top: 0px !important;padding-right: 0px !important;padding-bottom: 0px !important;padding-left: 0px !important;}&#8220;][vc_column_text css=&#8220;.vc_custom_1623917638552{margin-top: 30px !important;margin-right: 20px !important;margin-left: 0px !important;padding-top: 20px !important;padding-left: 0px !important;}&#8220;]<\/p>\n<h3>20 Februar 2020, Kluger geht zu Prokutec.<\/h3>\n<p><span style=\"color: #000000;\">M\u00fchldorf\/Raubling. Der Sondermaschinenbauer Kluger mit Sitz im M\u00fchldorfer Industriegebiet firmiert seit Beginn des Jahres als Kluger.Prokutec Sondermaschinenbau GmbH und geh\u00f6rt nun zu Prokutec aus Raubling im Kreis Rosenheim.<\/span><\/p>\n<p>&nbsp;<\/p>\n<p>&nbsp;[\/vc_column_text]<style type=\"text\/css\" data-type=\"the7_shortcodes-inline-css\">#default-btn-ae0c6db6a384762e02290a31a6b6bf27.ico-right-side > i {\n  margin-right: 0px;\n  margin-left: 8px;\n}\n#default-btn-ae0c6db6a384762e02290a31a6b6bf27 > i {\n  margin-right: 8px;\n}<\/style><a href=\"https:\/\/kluger.prokutec.de\/wp-content\/uploads\/2021\/03\/Kluger-geht-zu-Prokutec.pdf\" class=\"default-btn-shortcode dt-btn dt-btn-m link-hover-off https:\/\/kluger.prokutec.de\/wp-content\/uploads\/2021\/03\/Kluger-geht-zu-Prokutec.pdf btn-inline-left  vc_custom_1623910182329\" id=\"default-btn-ae0c6db6a384762e02290a31a6b6bf27\" title=\"Unternehmen\"><i class=\"icomoon-the7-font-the7-link-02\"><\/i><span>ARTIKEL LESEN<\/span><\/a>[vc_separator border_width=&#8220;2&#8243; css=&#8220;.vc_custom_1623758365161{margin-top: 15px !important;margin-right: 60px !important;}&#8220;][\/vc_column_inner][vc_column_inner width=&#8220;2\/3&#8243; css=&#8220;.vc_custom_1623754807936{margin-top: 0px !important;margin-right: 0px !important;margin-bottom: 0px !important;margin-left: 400px !important;border-right-width: 0px !important;padding-right: 0px !important;padding-bottom: 0px !important;padding-left: 0px !important;}&#8220;][vc_single_image image=&#8220;1150&#8243; img_size=&#8220;180&#215;240&#8243; alignment=&#8220;center&#8220; image_hovers=&#8220;false&#8220; css=&#8220;.vc_custom_1623758063805{margin-top: 20px !important;margin-right: -150px !important;margin-bottom: 0px !important;margin-left: 0px !important;border-right-width: 0px !important;padding-top: 0px !important;padding-bottom: 0px !important;padding-left: 0px !important;}&#8220;][\/vc_column_inner][\/vc_row_inner][\/vc_column][\/vc_row][vc_row][vc_column][vc_row_inner equal_height=&#8220;yes&#8220; content_placement=&#8220;top&#8220; css=&#8220;.vc_custom_1623754767936{margin-bottom: 0px !important;margin-left: 0px !important;padding-bottom: 0px !important;}&#8220;][vc_column_inner width=&#8220;1\/3&#8243; css=&#8220;.vc_custom_1623754872631{margin-top: 0px !important;margin-right: -550px !important;margin-bottom: 0px !important;margin-left: 0px !important;padding-top: 0px !important;padding-right: 0px !important;padding-bottom: 0px !important;padding-left: 0px !important;}&#8220;][vc_column_text css=&#8220;.vc_custom_1623917649542{margin-top: 30px !important;margin-right: 20px !important;margin-left: 0px !important;padding-top: 20px !important;padding-left: 0px !important;}&#8220;]<\/p>\n<h3>30 Januar 2020,\u00a0 \u00a0Hochzeit ohne Hindernisse.<\/h3>\n<p><span style=\"color: #000000;\">Raubling\/M\u00fchldorf \u2013 Da haben sich zwei gesucht und gefunden: Die Prokutec GmbH aus Raubling wollte ihr Portfolio erweitern, die Firma Kluger Sondermaschinenbau in M\u00fchldorf war bereit f\u00fcr einen neuen Eigent\u00fcmer.<\/span><\/p>\n<p>&nbsp;<\/p>\n<p>&nbsp;[\/vc_column_text]<style type=\"text\/css\" data-type=\"the7_shortcodes-inline-css\">#default-btn-3145763ac8b09e149fc01df515bf0aaf.ico-right-side > i {\n  margin-right: 0px;\n  margin-left: 8px;\n}\n#default-btn-3145763ac8b09e149fc01df515bf0aaf > i {\n  margin-right: 8px;\n}<\/style><a href=\"https:\/\/kluger.prokutec.de\/wp-content\/uploads\/2021\/03\/Hochzeit-ohne-Hindernisse.pdf\" class=\"default-btn-shortcode dt-btn dt-btn-m link-hover-off https:\/\/kluger.prokutec.de\/wp-content\/uploads\/2021\/03\/Kluger-geht-zu-Prokutec.pdf btn-inline-left  vc_custom_1623910190105\" id=\"default-btn-3145763ac8b09e149fc01df515bf0aaf\" title=\"Unternehmen\"><i class=\"icomoon-the7-font-the7-link-02\"><\/i><span>ARTIKEL LESEN<\/span><\/a>[vc_separator border_width=&#8220;2&#8243; css=&#8220;.vc_custom_1623757930430{margin-top: 15px !important;margin-right: 60px !important;}&#8220;][\/vc_column_inner][vc_column_inner width=&#8220;2\/3&#8243; css=&#8220;.vc_custom_1623754807936{margin-top: 0px !important;margin-right: 0px !important;margin-bottom: 0px !important;margin-left: 400px !important;border-right-width: 0px !important;padding-right: 0px !important;padding-bottom: 0px !important;padding-left: 0px !important;}&#8220;][vc_single_image image=&#8220;1805&#8243; img_size=&#8220;180&#215;240&#8243; alignment=&#8220;center&#8220; image_hovers=&#8220;false&#8220; css=&#8220;.vc_custom_1623757487015{margin-top: 20px !important;margin-right: -150px !important;margin-bottom: 0px !important;margin-left: 0px !important;border-right-width: 0px !important;padding-top: 0px !important;padding-bottom: 0px !important;padding-left: 0px !important;}&#8220;][\/vc_column_inner][\/vc_row_inner][\/vc_column][\/vc_row][vc_row][vc_column][vc_row_inner equal_height=&#8220;yes&#8220; content_placement=&#8220;top&#8220; css=&#8220;.vc_custom_1623754767936{margin-bottom: 0px !important;margin-left: 0px !important;padding-bottom: 0px !important;}&#8220;][vc_column_inner width=&#8220;1\/3&#8243; css=&#8220;.vc_custom_1623754872631{margin-top: 0px !important;margin-right: -550px !important;margin-bottom: 0px !important;margin-left: 0px !important;padding-top: 0px !important;padding-right: 0px !important;padding-bottom: 0px !important;padding-left: 0px !important;}&#8220;][vc_column_text css=&#8220;.vc_custom_1628255186536{margin-top: 30px !important;margin-right: 20px !important;margin-left: 0px !important;padding-top: 20px !important;padding-left: 0px !important;}&#8220;]<\/p>\n<h3>20 November 2017,\u00a0\u00a0<span class=\"f\">\u00a0<\/span>L\u00f6sungen aus der Region f\u00fcr die Zukunft der Elektromobilit\u00e4t.<\/h3>\n<p><span style=\"color: #000000;\">M\u00fcnchen \/ M\u00fchldorf \u2013 Neueste Trends in der eMobilit\u00e4t und Dienstleistungen f\u00fcr die gesamte Branche standen im Mittelpunkt der j\u00fcngsten eMove360\u00b0\u201c als Fachmesse f\u00fcr alle Aspekte der Elektromobilit\u00e4t im Riemer Messezentrum- mit dabei, zwei Unternehmen aus M\u00fchldorf : Kluger Sondermaschinenbau und ODU, Spezialist f\u00fcr Steckverbinder.<\/span><\/p>\n<p>&nbsp;[\/vc_column_text]<style type=\"text\/css\" data-type=\"the7_shortcodes-inline-css\">#default-btn-3aaf859091d384b0882398eabe887c75.ico-right-side > i {\n  margin-right: 0px;\n  margin-left: 8px;\n}\n#default-btn-3aaf859091d384b0882398eabe887c75 > i {\n  margin-right: 8px;\n}<\/style><a href=\"https:\/\/kluger.prokutec.de\/wp-content\/uploads\/2021\/04\/Presse-04.pdf\" class=\"default-btn-shortcode dt-btn dt-btn-m link-hover-off https:\/\/kluger.prokutec.de\/wp-content\/uploads\/2021\/03\/Kluger-geht-zu-Prokutec.pdf btn-inline-left  vc_custom_1623910198033\" id=\"default-btn-3aaf859091d384b0882398eabe887c75\" title=\"Unternehmen\"><i class=\"icomoon-the7-font-the7-link-02\"><\/i><span>ARTIKEL LESEN<\/span><\/a>[\/vc_column_inner][vc_column_inner width=&#8220;2\/3&#8243; css=&#8220;.vc_custom_1623754807936{margin-top: 0px !important;margin-right: 0px !important;margin-bottom: 0px !important;margin-left: 400px !important;border-right-width: 0px !important;padding-right: 0px !important;padding-bottom: 0px !important;padding-left: 0px !important;}&#8220;][vc_single_image image=&#8220;1783&#8243; img_size=&#8220;180&#215;240&#8243; alignment=&#8220;center&#8220; image_hovers=&#8220;false&#8220; css=&#8220;.vc_custom_1623756793605{margin-top: 20px !important;margin-right: -150px !important;margin-bottom: 0px !important;margin-left: 0px !important;border-right-width: 0px !important;padding-top: 0px !important;padding-bottom: 0px !important;padding-left: 0px !important;}&#8220;][\/vc_column_inner][\/vc_row_inner][\/vc_column][\/vc_row]<\/p>\n<\/div>","protected":false},"excerpt":{"rendered":"<p>[vc_row][vc_column][vc_column_text css=&#8220;.vc_custom_1620126359542{margin-bottom: 20px !important;}&#8220;] Medien \u00fcber uns [\/vc_column_text][vc_separator css=&#8220;.vc_custom_1623760368425{margin-top: 5px !important;margin-bottom: -10px !important;}&#8220;][\/vc_column][\/vc_row][vc_row margin_top=&#8220;-20&#8243;][vc_column][vc_row_inner equal_height=&#8220;yes&#8220; content_placement=&#8220;top&#8220; css=&#8220;.vc_custom_1623754767936{margin-bottom: 0px !important;margin-left: 0px !important;padding-bottom: 0px !important;}&#8220;][vc_column_inner width=&#8220;1\/3&#8243; css=&#8220;.vc_custom_1623754872631{margin-top: 0px !important;margin-right: -550px !important;margin-bottom: 0px !important;margin-left: 0px !important;padding-top: 0px !important;padding-right: 0px !important;padding-bottom: 0px !important;padding-left: 0px !important;}&#8220;][vc_column_text css=&#8220;.vc_custom_1623917612955{margin-top: 30px !important;margin-right: 20px !important;margin-left: 0px !important;padding-top: 20px !important;padding-left: 0px !important;}&#8220;] 29 September 2020,\u00a0&hellip;<\/p>\n","protected":false},"author":1,"featured_media":0,"parent":0,"menu_order":0,"comment_status":"closed","ping_status":"closed","template":"","meta":{"footnotes":""},"class_list":["post-304","page","type-page","status-publish","hentry","description-off"],"_links":{"self":[{"href":"https:\/\/kluger.prokutec.de\/index.php?rest_route=\/wp\/v2\/pages\/304","targetHints":{"allow":["GET"]}}],"collection":[{"href":"https:\/\/kluger.prokutec.de\/index.php?rest_route=\/wp\/v2\/pages"}],"about":[{"href":"https:\/\/kluger.prokutec.de\/index.php?rest_route=\/wp\/v2\/types\/page"}],"author":[{"embeddable":true,"href":"https:\/\/kluger.prokutec.de\/index.php?rest_route=\/wp\/v2\/users\/1"}],"replies":[{"embeddable":true,"href":"https:\/\/kluger.prokutec.de\/index.php?rest_route=%2Fwp%2Fv2%2Fcomments&post=304"}],"version-history":[{"count":185,"href":"https:\/\/kluger.prokutec.de\/index.php?rest_route=\/wp\/v2\/pages\/304\/revisions"}],"predecessor-version":[{"id":3275,"href":"https:\/\/kluger.prokutec.de\/index.php?rest_route=\/wp\/v2\/pages\/304\/revisions\/3275"}],"wp:attachment":[{"href":"https:\/\/kluger.prokutec.de\/index.php?rest_route=%2Fwp%2Fv2%2Fmedia&parent=304"}],"curies":[{"name":"wp","href":"https:\/\/api.w.org\/{rel}","templated":true}]}}