{"id":8,"date":"2020-12-04T13:26:30","date_gmt":"2020-12-04T12:26:30","guid":{"rendered":"https:\/\/kluger.prokutec.de\/?page_id=8"},"modified":"2021-08-30T15:05:37","modified_gmt":"2021-08-30T13:05:37","slug":"engineering","status":"publish","type":"page","link":"https:\/\/kluger.prokutec.de\/?page_id=8","title":{"rendered":"Engineering"},"content":{"rendered":"<div class=\"wpb-content-wrapper\"><p>[vc_row][vc_column][vc_custom_heading text=&#8220;Projektmanagement&#8220; font_container=&#8220;tag:h2|text_align:left|color:%23ffffff|line_height:52px&#8220; use_theme_fonts=&#8220;yes&#8220; css_animation=&#8220;fadeInLeft&#8220; css=&#8220;.vc_custom_1618469606162{margin-top: 0px !important;margin-bottom: 2px !important;padding-top: 0px !important;padding-right: 10px !important;padding-bottom: 0px !important;padding-left: 15px !important;background-image: url(https:\/\/kluger.prokutec.de\/wp-content\/uploads\/2021\/01\/H2-Fond.png?id=129) !important;background-position: center !important;background-repeat: no-repeat !important;background-size: contain !important;}&#8220;][vc_row_inner][vc_column_inner width=&#8220;1\/2&#8243;][vc_single_image image=&#8220;3164&#8243; img_size=&#8220;full&#8220;][\/vc_column_inner][vc_column_inner width=&#8220;1\/2&#8243;][vc_column_text css=&#8220;.vc_custom_1623918892977{margin-top: 20px !important;margin-right: 100px !important;}&#8220;]<span style=\"color: #000000;\">Wir \u00fcbernehmen f\u00fcr Sie das komplette Projektmanagement f\u00fcr Ihren Maschinen- und Anlagenbedarf.<\/span><\/p>\n<p><span style=\"color: #000000;\">Wir erstellen die n\u00f6tigen Projektpl\u00e4ne und kl\u00e4ren diese terminlich ab.<\/span><\/p>\n<p><span style=\"color: #000000;\">Wir f\u00fchren die Verhandlungen mit Zulieferern und beschaffen alle n\u00f6tigen Waren zur Herstellung der Anlagen.<\/span><\/p>\n<p><span style=\"color: #000000;\">Wir k\u00fcmmern uns um die Logistik, damit Ihre Maschinen sicher und p\u00fcnktlich zu Ihnen gelangen.<\/span>[\/vc_column_text][\/vc_column_inner][\/vc_row_inner][\/vc_column][\/vc_row][vc_row][vc_column][vc_custom_heading text=&#8220;Machbarkeitsstudien&#8220; font_container=&#8220;tag:h2|text_align:left|color:%23ffffff|line_height:52px&#8220; use_theme_fonts=&#8220;yes&#8220; css_animation=&#8220;fadeInLeft&#8220; css=&#8220;.vc_custom_1618470948286{margin-top: 0px !important;margin-bottom: 2px !important;padding-top: 0px !important;padding-right: 10px !important;padding-bottom: 0px !important;padding-left: 15px !important;background-image: url(https:\/\/kluger.prokutec.de\/wp-content\/uploads\/2021\/01\/H2-Fond.png?id=129) !important;background-position: center !important;background-repeat: no-repeat !important;background-size: contain !important;}&#8220;][\/vc_column][\/vc_row][vc_row margin_top=&#8220;10&#8243;][vc_column][vc_row_inner][vc_column_inner width=&#8220;1\/2&#8243;][vc_column_text css=&#8220;.vc_custom_1630325135213{margin-top: 0px !important;padding-right: 30px !important;}&#8220;]<span style=\"color: #000000;\">Viele W\u00fcnsche und Aufgaben sind am Anfang noch sehr unklar. Deshalb ist es anzuraten eine Machbarkeitsuntersuchung durchzuf\u00fchren.<\/span><\/p>\n<p><span style=\"color: #000000;\">Bevor kostspielige Konstruktionen begonnen werden, sollte unbedingt eine \u201eAuftragsklarheit\u201c bestehen.<\/span><\/p>\n<p><span style=\"color: #000000;\">Mit unserem \u201eDesign Dokument\u201c haben wir genau das passende Werkzeug, um ein Ger\u00fcst f\u00fcr Ihre Aufgabe zu erstellen.<\/span><\/p>\n<p><span style=\"color: #000000;\">Es kl\u00e4rt die Kundenbed\u00fcrfnisse mit den technischen M\u00f6glichkeiten und der wirtschaftlichsten Ausf\u00fchrung ab.<\/span><\/p>\n<p><span style=\"color: #000000;\">Alle wichtigen Daten werden erfasst, bewertet und auf Durchf\u00fchrbarkeit gepr\u00fcft.<\/span><\/p>\n<p><span style=\"color: #000000;\">So entsteht ein Mengenger\u00fcst, das erm\u00f6glicht ein kosteng\u00fcnstiges und vergleichbares Angebot zu unterbreiten.<\/span><\/p>\n<p><span style=\"color: #000000;\">Diese Vorgehensweise sch\u00fctzt auch vor sp\u00e4teren Nachforderungen.<\/span>[\/vc_column_text][\/vc_column_inner][vc_column_inner width=&#8220;1\/2&#8243; css=&#8220;.vc_custom_1609600865980{margin-top: 5px !important;padding-right: 40px !important;}&#8220;][vc_single_image image=&#8220;1821&#8243; img_size=&#8220;large&#8220;][\/vc_column_inner][\/vc_row_inner][\/vc_column][\/vc_row][vc_row][vc_column][vc_custom_heading text=&#8220;Konstruktion&#8220; font_container=&#8220;tag:h2|text_align:left|color:%23ffffff|line_height:52px&#8220; use_theme_fonts=&#8220;yes&#8220; css_animation=&#8220;fadeInLeft&#8220; css=&#8220;.vc_custom_1618471200481{margin-top: 0px !important;margin-bottom: 2px !important;padding-top: 0px !important;padding-right: 10px !important;padding-bottom: 0px !important;padding-left: 15px !important;background-image: url(https:\/\/kluger.prokutec.de\/wp-content\/uploads\/2021\/01\/H2-Fond.png?id=129) !important;background-position: center !important;background-repeat: no-repeat !important;background-size: contain !important;}&#8220;][vc_row_inner][vc_column_inner width=&#8220;1\/2&#8243;][vc_single_image image=&#8220;368&#8243; img_size=&#8220;full&#8220;][\/vc_column_inner][vc_column_inner width=&#8220;1\/2&#8243;][vc_column_text css=&#8220;.vc_custom_1630328732284{margin-top: 20px !important;margin-right: 100px !important;}&#8220;]<span style=\"color: #000000;\">Die Konstruktion ist ein wesentlicher Bestandteil des Maschinenbaus. Eine funktionelle und fertigungsoptimierte Ausf\u00fchrung spart sp\u00e4ter Zeit und Geld.<\/span><\/p>\n<p><span style=\"color: #000000;\">FEM- Berechnungen und simulierte Abl\u00e4ufe geh\u00f6ren selbstverst\u00e4ndlich dazu.<\/span><\/p>\n<p><span style=\"color: #000000;\">Vom Einzelteil bis zur komplexen Maschine stehen gut ausgebildete Fachkr\u00e4fte und die n\u00f6tige Software zur Verf\u00fcgung.<\/span><\/p>\n<p><span style=\"color: #000000;\">Die enge Verkn\u00fcpfung von mechanischer Konstruktion und Fertigung mit der Automatisierung f\u00fchrt zu kompletten Ergebnissen.<\/span>[\/vc_column_text][\/vc_column_inner][\/vc_row_inner][vc_separator style=&#8220;shadow&#8220; css=&#8220;.vc_custom_1619417774334{margin-bottom: -10px !important;}&#8220;][\/vc_column][\/vc_row][vc_row min_height=&#8220;60px&#8220;][vc_column]<div id=\"ult-carousel-97853725669edd4de12964\" class=\"ult-carousel-wrapper  vc_custom_1630327153842  ult_horizontal\" data-gutter=\"20\" data-rtl=\"false\" ><div class=\"ult-carousel-237926734069edd4de12868 \" >[vc_single_image image=&#8220;1626&#8243; onclick=&#8220;img_link_large&#8220;][vc_single_image image=&#8220;368&#8243; onclick=&#8220;img_link_large&#8220;][vc_single_image image=&#8220;430&#8243; onclick=&#8220;img_link_large&#8220;][vc_single_image image=&#8220;1630&#8243; onclick=&#8220;img_link_large&#8220;][vc_single_image image=&#8220;1395&#8243; alignment=&#8220;center&#8220; onclick=&#8220;img_link_large&#8220;][vc_single_image image=&#8220;967&#8243; onclick=&#8220;img_link_large&#8220;][vc_single_image image=&#8220;1495&#8243; onclick=&#8220;img_link_large&#8220;][vc_single_image image=&#8220;2851&#8243; onclick=&#8220;img_link_large&#8220;][vc_single_image image=&#8220;1671&#8243; onclick=&#8220;img_link_large&#8220;][vc_single_image image=&#8220;1695&#8243;]<\/div><\/div>\t\t\t<script type=\"text\/javascript\">\n\t\t\t\tjQuery(document).ready(function ($) {\n\t\t\t\t\tif( typeof jQuery('.ult-carousel-237926734069edd4de12868').slick == \"function\"){\n\t\t\t\t\t\t$('.ult-carousel-237926734069edd4de12868').slick({dots: false,autoplay: true,autoplaySpeed: \"1000\",speed: \"1000\",infinite: true,arrows: false,slidesToScroll:5,slidesToShow:5,swipe: false,draggable: false,touchMove: true,pauseOnHover: true,pauseOnFocus: false,centerMode: true,adaptiveHeight: true,responsive: [\n\t\t\t\t\t\t\t{\n\t\t\t\t\t\t\t  breakpoint: 1026,\n\t\t\t\t\t\t\t  settings: {\n\t\t\t\t\t\t\t\tslidesToShow: 5,\n\t\t\t\t\t\t\t\tslidesToScroll: 5,  \n\t\t\t\t\t\t\t  }\n\t\t\t\t\t\t\t},\n\t\t\t\t\t\t\t{\n\t\t\t\t\t\t\t  breakpoint: 1025,\n\t\t\t\t\t\t\t  settings: {\n\t\t\t\t\t\t\t\tslidesToShow: 4,\n\t\t\t\t\t\t\t\tslidesToScroll: 4\n\t\t\t\t\t\t\t  }\n\t\t\t\t\t\t\t},\n\t\t\t\t\t\t\t{\n\t\t\t\t\t\t\t  breakpoint: 760,\n\t\t\t\t\t\t\t  settings: {\n\t\t\t\t\t\t\t\tslidesToShow: 2,\n\t\t\t\t\t\t\t\tslidesToScroll: 2\n\t\t\t\t\t\t\t  }\n\t\t\t\t\t\t\t}\n\t\t\t\t\t\t],pauseOnDotsHover: true,customPaging: function(slider, i) {\n                   return '<i type=\"button\" style= \"color:#333333;\" class=\"ultsl-record\" data-role=\"none\"><\/i>';\n                },});\n\t\t\t\t\t}\n\t\t\t\t});\n\t\t\t<\/script>\n\t\t\t[\/vc_column][\/vc_row][vc_row][vc_column][vc_custom_heading text=&#8220;Steuerungstechnik, SPS Programmierung und E-Planung&#8220; font_container=&#8220;tag:h2|text_align:left|color:%23ffffff|line_height:52px&#8220; use_theme_fonts=&#8220;yes&#8220; css_animation=&#8220;fadeInLeft&#8220; css=&#8220;.vc_custom_1623149359751{margin-top: 0px !important;margin-bottom: 2px !important;padding-top: 0px !important;padding-right: 10px !important;padding-bottom: 0px !important;padding-left: 15px !important;background-image: url(https:\/\/kluger.prokutec.de\/wp-content\/uploads\/2021\/01\/H2-Fond.png?id=129) !important;background-position: center !important;background-repeat: no-repeat !important;background-size: contain !important;}&#8220;][vc_row_inner css=&#8220;.vc_custom_1630326913522{margin-top: 0px !important;}&#8220;][vc_column_inner width=&#8220;1\/2&#8243;][vc_column_text css=&#8220;.vc_custom_1628252730980{margin-top: 10px !important;padding-right: 30px !important;}&#8220;]<span style=\"color: #000000;\">Die komplette Hard- und Softwareplanung und deren Programmierung ist ein wesentlicher Bestandteil der Automatisierung. Aus diesem Grund geben wir keine Prozesse von komplexen Anlagen in fremde H\u00e4nde. Wir k\u00fcmmern uns um eine komplette und kompetente Ausf\u00fchrung.<\/span>[\/vc_column_text]<div class=\"standard-arrow bullet-top\"><ul>\n<li><span style=\"color: #000000;\">Erstellen von Schalt- und Klemmenpl\u00e4nen.<\/span><\/li>\n<li><span style=\"color: #000000;\">Anfertigen einer Programmarchitektur.<\/span><\/li>\n<li><span style=\"color: #000000;\">Simulieren von Bewegungsabl\u00e4ufen und Taktzeiten in Realtime.<\/span><\/li>\n<li><span style=\"color: #000000;\">Programmieren von Beckhoff TwinCat 3 und Siemens Tia Portal ist f\u00fcr uns allt\u00e4gliche Arbeit.<\/span><\/li>\n<li><span style=\"color: #000000;\">Planen und Zusammenbau von Schaltschr\u00e4nken.<\/span><\/li>\n<\/ul>\n<\/div>[\/vc_column_inner][vc_column_inner width=&#8220;1\/2&#8243; css=&#8220;.vc_custom_1609600865980{margin-top: 5px !important;padding-right: 40px !important;}&#8220;][vc_single_image image=&#8220;3166&#8243; img_size=&#8220;full&#8220;][\/vc_column_inner][\/vc_row_inner][\/vc_column][\/vc_row][vc_row margin_bottom=&#8220;30&#8243;][vc_column][vc_custom_heading text=&#8220;Maschinensicherheit \/ CE &#8211; Dokumentation&#8220; font_container=&#8220;tag:h2|text_align:left|color:%23ffffff|line_height:52px&#8220; use_theme_fonts=&#8220;yes&#8220; css_animation=&#8220;fadeInLeft&#8220; css=&#8220;.vc_custom_1621578081016{margin-top: 0px !important;margin-bottom: 2px !important;padding-top: 0px !important;padding-right: 10px !important;padding-bottom: 0px !important;padding-left: 15px !important;background-image: url(https:\/\/kluger.prokutec.de\/wp-content\/uploads\/2021\/01\/H2-Fond.png?id=129) !important;background-position: center !important;background-repeat: no-repeat !important;background-size: contain !important;}&#8220;][vc_row_inner][vc_column_inner width=&#8220;1\/2&#8243;][vc_single_image image=&#8220;2029&#8243; img_size=&#8220;full&#8220; css=&#8220;.vc_custom_1621585514487{margin-top: 5px !important;}&#8220;][\/vc_column_inner][vc_column_inner width=&#8220;1\/2&#8243; css=&#8220;.vc_custom_1621585561193{margin-top: -10px !important;}&#8220;][vc_column_text css=&#8220;.vc_custom_1628252917114{margin-top: 20px !important;margin-right: 100px !important;}&#8220;]<span style=\"color: #000000;\">Der heutige Standard umfasst die Maschinensicherheit vom ersten Konzept bis zur Abnahme und ist unabdinglich f\u00fcr den sicheren Betrieb von Maschinen und Anlagen. Deshalb haben wir in die Ausbildung eines Maschinensicherheitsexperten und in die Anschaffung einer gro\u00dfen Bibliothek mit aktuellen Normen investiert.<\/span><\/p>\n<p><span style=\"color: #000000;\">Wir stehen als Sondermaschinenbauer in st\u00e4ndigen Kontakt mit zertifizierten Pr\u00fcfstellen.<\/span><\/p>\n<p><span style=\"color: #000000;\">Nicht nur die Herstellung sicherer Maschinen ist notwendig f\u00fcr den Betreiber, sondern auch deren vollst\u00e4ndige Dokumentation. Betriebsanleitung, Risikoanalyse, Elektropl\u00e4ne und Zeichnungen geh\u00f6ren nat\u00fcrlich zu einer CE konformen Dokumentation.<\/span>[\/vc_column_text][\/vc_column_inner][\/vc_row_inner][\/vc_column][\/vc_row]<\/p>\n<\/div>","protected":false},"excerpt":{"rendered":"<p>[vc_row][vc_column][vc_custom_heading text=&#8220;Projektmanagement&#8220; font_container=&#8220;tag:h2|text_align:left|color:%23ffffff|line_height:52px&#8220; use_theme_fonts=&#8220;yes&#8220; css_animation=&#8220;fadeInLeft&#8220; css=&#8220;.vc_custom_1618469606162{margin-top: 0px !important;margin-bottom: 2px !important;padding-top: 0px !important;padding-right: 10px !important;padding-bottom: 0px !important;padding-left: 15px !important;background-image: url(https:\/\/kluger.prokutec.de\/wp-content\/uploads\/2021\/01\/H2-Fond.png?id=129) !important;background-position: center !important;background-repeat: no-repeat !important;background-size: contain !important;}&#8220;][vc_row_inner][vc_column_inner width=&#8220;1\/2&#8243;][vc_single_image image=&#8220;3164&#8243; img_size=&#8220;full&#8220;][\/vc_column_inner][vc_column_inner width=&#8220;1\/2&#8243;][vc_column_text css=&#8220;.vc_custom_1623918892977{margin-top: 20px !important;margin-right: 100px !important;}&#8220;]Wir \u00fcbernehmen f\u00fcr Sie das komplette Projektmanagement f\u00fcr Ihren Maschinen- und Anlagenbedarf. Wir erstellen die n\u00f6tigen Projektpl\u00e4ne und kl\u00e4ren diese terminlich&hellip;<\/p>\n","protected":false},"author":1,"featured_media":0,"parent":0,"menu_order":0,"comment_status":"closed","ping_status":"closed","template":"","meta":{"footnotes":""},"class_list":["post-8","page","type-page","status-publish","hentry","description-off"],"_links":{"self":[{"href":"https:\/\/kluger.prokutec.de\/index.php?rest_route=\/wp\/v2\/pages\/8","targetHints":{"allow":["GET"]}}],"collection":[{"href":"https:\/\/kluger.prokutec.de\/index.php?rest_route=\/wp\/v2\/pages"}],"about":[{"href":"https:\/\/kluger.prokutec.de\/index.php?rest_route=\/wp\/v2\/types\/page"}],"author":[{"embeddable":true,"href":"https:\/\/kluger.prokutec.de\/index.php?rest_route=\/wp\/v2\/users\/1"}],"replies":[{"embeddable":true,"href":"https:\/\/kluger.prokutec.de\/index.php?rest_route=%2Fwp%2Fv2%2Fcomments&post=8"}],"version-history":[{"count":176,"href":"https:\/\/kluger.prokutec.de\/index.php?rest_route=\/wp\/v2\/pages\/8\/revisions"}],"predecessor-version":[{"id":3304,"href":"https:\/\/kluger.prokutec.de\/index.php?rest_route=\/wp\/v2\/pages\/8\/revisions\/3304"}],"wp:attachment":[{"href":"https:\/\/kluger.prokutec.de\/index.php?rest_route=%2Fwp%2Fv2%2Fmedia&parent=8"}],"curies":[{"name":"wp","href":"https:\/\/api.w.org\/{rel}","templated":true}]}}